 0*j**3 + 7*j**2. Let t be l(6). Determine z(t).
-14
Let o(j) = j. Let v be o(-2). Let z(l) = 2*l**3 + 4*l**3 - 2*l**3 + 3*l**2 - 3*l**3 - 1. Determine z(v).
3
Let t(l) be the first derivative of -l**4/4 + 7*l**3/3 - 11*l**2/2 + 3*l + 1. Let x(n) = -2*n**3 + 14*n**2 - 21*n + 7. Let f(d) = 7*t(d) - 4*x(d). Give f(6).
-1
Let w(l) = -l + l - 2*l - 3. Suppose 5*b - 75 = -0*b. Suppose 0 = -3*y - 0 - b. What is w(y)?
7
Let u(i) = 0 + 2 - 3 - 3*i + i**2 + i. Let v be u(2). Let q be v + -1 + 2 + -4. Let r(t) = t**2 + 4*t + 2. Give r(q).
2
Let p(r) = 2*r + 4*r - 5*r - 1. Let w(i) = -1 + 76*i**3 + 2*i**2 - 72*i**3 + 0*i**2. Let y be w(1). Determine p(y).
4
Let q = -12 - -18. Let n = -1 - -1. Let k(w) = 4*w + n - 3*w - 2. Determine k(q).
4
Let k(a) = -2*a - 3. Let y be k(-3). Suppose -p = y*p + 8. Let v(i) = -4*i + 2. What is v(p)?
10
Let c(k) = -k**3 - 7*k**2 + 8*k + 11. Let w be (-1)/(-4) + (45/(-4) - -3). Determine c(w).
11
Let s(u) be the second derivative of -u**4/12 - 13*u**2/2 - 7*u. Give s(0).
-13
Let g = -3 + 7. Let o(b) = 5*b - 5. Let a(l) = 2 - 3 - 6*l + 6. Let w(j) = -3*a(j) - 4*o(j). Give w(g).
-3
Let p be 6/27 - 52/(-9). Suppose 0*v = c + 3*v + 6, -3*v - p = -3*c. Let j(a) = -a**2 - a - 4. Give j(c).
-4
Let x(u) = -2*u - 1 + 5*u - 2*u - 3*u**2 + u**3. Suppose -4*j + 3*n = -17, 4*j = 2*n - 4*n + 2. Give x(j).
-3
Let s(w) = -2*w + 1. Let y be s(5). Let i(z) = -z**2 - 8*z + 10. Let x be i(y). Let d(a) = -5*a**2 + a. Give d(x).
-4
Suppose 2*c - 6 = -2*o, 0*o + 4*o + 3*c = 16. Suppose 2*r = -i + 21 - o, 4*r - 36 = -4*i. Let u(p) = -3*p**2 + p**3 + 1 - i*p + 5*p**2 + p**2 + 2. Give u(-4).
3
Let l = -2 + 5. Let t(d) be the third derivative of d**7/5040 - d**6/360 - d**5/30 + 3*d**2. Let z(y) be the third derivative of t(y). Give z(l).
1
Let y(q) = -2*q + 3. Let b be y(4). Let j(c) = -c - 11. Give j(b).
-6
Suppose 0 = -3*b + b + 8, 4*b = -4*i + 8. Let y(j) = j**3 - j**2 - 1. Determine y(i).
-13
Suppose n = 2*g + 3 - 7, 3*n + 4 = 4*g. Let p = g - 1. Let q(k) = 0*k**3 + k**p + k + 3*k**2 - 8*k**2 + 0*k**2 - 4. What is q(5)?
1
Let q = -3 + 6. Let h(l) = 3*l**q - 2*l**2 - 2 + l**3 + 3. Give h(-1).
-5
Let s(r) = -r**3 + 6*r**2 - 2*r + 6. Suppose -2*v + v - 2*n + 4 = 0, -n - 25 = -4*v. What is s(v)?
-6
Let o(r) = 0*r - 3*r - r**3 + 3*r**2 + 5 + r**2. What is o(4)?
-7
Let y = -98 - -29. Let d be y/(-15) + 2/5. Let b(z) = 0*z + d*z + 0*z - 1. What is b(-1)?
-6
Let w(n) = 1 - 2 + n - 5*n + 6*n - n**3. Calculate w(1).
0
Let u(l) = -4*l**2 + 11. Let g(d) = -d**2 - 6*d - 4. Let w(m) = m**2 + 5*m + 3. Let t(r) = 4*g(r) + 5*w(r). Let a(h) = 5*t(h) + u(h). What is a(-5)?
6
Let v(t) be the first derivative of -t**4/12 + t**3/6 + 3*t**2/2 - 1. Let a(g) be the second derivative of v(g). Determine a(-5).
11
Let a(k) be the second derivative of 4*k**5/5 + k**4/12 - k**3/3 + k**2/2 - 18*k. What is a(1)?
16
Let x(y) be the third derivative of -y**7/840 + y**5/120 - y**4/12 + 7*y**3/6 + 2*y**2. Let h(b) be the first derivative of x(b). Give h(-2).
4
Let n = -12 + 14. Let m(q) be the first derivative of -1/2*q**n + 2 + 0*q. Determine m(-2).
2
Let p(d) = 12*d + 1. Suppose -j - 2*j - 9 = 2*y, 0 = 3*j - 2*y - 3. Determine p(j).
-11
Let v = 263 - 269. Let x(s) be the second derivative of s**3/6 - 3*s**2/2 - s. Give x(v).
-9
Let j = -34 + 32. Let p(x) = -10*x - 3. What is p(j)?
17
Let j(k) = k**3 - 2*k + 1. Let x be 0 - (1 - (-6)/(-2)). Give j(x).
5
Let o(p) = 3*p - 3. Let b(g) = 4*g - 4. Let y = -7 - -3. Let c(z) = y*b(z) + 5*o(z). Determine c(-6).
7
Let q = 77 + -69. Let u(w) = w + 4. What is u(q)?
12
Let v(y) = 11*y**2 + 29*y + 4. Let l(i) = -4*i**2 - 10*i - 1. Let k(h) = 8*l(h) + 3*v(h). Give k(-4).
-8
Let f(w) = 7*w**2 + 8*w - 4. Let z(t) = t - 4. Let x be z(10). Let i(s) = 13*s**2 + 16*s - 7. Let c(u) = x*i(u) - 11*f(u). Give c(-7).
-5
Let o(l) be the second derivative of l**3/6 - 9*l**2/2 - l. Let n be o(5). Let w(z) be the second derivative of z**5/20 + z**4/3 - z**3/6 - z. Determine w(n).
4
Suppose -6 = 3*h, -5*h - 14 = 3*a + 14. Let z(f) = -f + 1. What is z(a)?
7
Suppose -3*j + 3 = 3*k - 9, -4*k - j + 4 = 0. Let z(a) = -1 - 5*a**2 + k - 6*a - a**3 + 2*a + 6*a. Determine z(-5).
-11
Let m(g) = -25 + g**2 - g + 31 - 6*g. Give m(7).
6
Let n(q) be the second derivative of -q**5/60 - 7*q**4/24 - 5*q**3/6 + q**2 + 9*q. Let k(h) be the first derivative of n(h). Give k(-7).
-5
Let t(u) = -3. Let z(v) = 1. Let f(s) = -3*t(s) - 8*z(s). Let l(o) = 3*o - 1. Let h(g) = 2*f(g) - l(g). Determine h(2).
-3
Let y(g) be the first derivative of -g**4/4 - 4*g**3/3 - 2*g**2 - 6*g + 11. Determine y(-4).
10
Let c(g) = -3*g**2 - 2*g + 1. Suppose -5*f = -24 - 26. Let s = -9 + f. Calculate c(s).
-4
Let d(q) = -2*q + 1. Let z(r) = r. Let u(i) = d(i) - 2*z(i). Give u(-2).
9
Let i(f) = f**3 - f**2 - 3*f - 2. Let h(m) = -m**2 + 6*m - 6. Let k be h(3). Determine i(k).
7
Let y(h) = 6*h - 3*h - 4*h. What is y(1)?
-1
Let b(a) = -7*a**2 - 4 - a**2 - 5*a + 2 + 6*a**2. Let l(g) = g**2 + 6*g - 4. Let x be l(-6). Determine b(x).
-14
Let o = -7 + 1. Suppose x = 5 - 1. Let q(h) = -9 - x*h + 3*h + 8 + 0*h. What is q(o)?
5
Let j(p) = 7*p**2 - p + 2. Let z(i) = 14*i**2 - 2*i + 5. Let y(b) = 5*j(b) - 2*z(b). Suppose 4*u = 2*o, -5*u - 4*o - 5 = 21. Let k be 2*u*4/16. Give y(k).
8
Let a(m) be the second derivative of -5/12*m**4 + 0*m**3 + 0 + 2*m + 0*m**2. What is a(1)?
-5
Let y(v) = -12*v**3 + 2*v**2 - 1. Let g(h) = -h**3. Let j(o) = g(o) - y(o). Give j(1).
10
Let u(a) be the third derivative of -a**4/12 + 5*a**3/6 - a**2. Suppose 0 = -4*n + 1 + 23. What is u(n)?
-7
Let i(n) = 5 - 16*n + 19*n + 2. Let j(f) = -7*f - 14. Let v(m) = 5*i(m) + 2*j(m). Let t = 4 - 7. Calculate v(t).
4
Let c(x) be the third derivative of x**7/630 + x**5/60 + x**2. Let h(b) be the third derivative of c(b). Let m(q) = -q + 5. Let s be m(6). Give h(s).
-8
Let o(z) be the third derivative of -z**6/120 - z**5/12 + z**4/24 + z**3/3 + 14*z**2. Give o(-5).
-3
Let r(t) = 2*t**2 - 9*t + 2. Let v be r(2). Let k(w) = w**3 + 9*w**2 + 9*w - 6. Calculate k(v).
-14
Let w(c) be the third derivative of c**8/20160 + c**7/840 - c**6/360 + c**5/20 - 3*c**2. Let a(y) be the third derivative of w(y). Give a(-6).
-2
Let z(j) = -3*j - 2 + 2*j + 2*j. Suppose 16*p = 14*p + 6. Calculate z(p).
1
Let m(a) be the first derivative of a**4/4 + a**3/3 + a**2/2 + 7*a - 8. Let u be 0*((-3)/9 + 0). What is m(u)?
7
Let x(j) = j**3 + 5*j**2 - 7*j - 7. Let r(q) = -q**3 - 9*q**2 + 12*q + 14. Let t be r(-10). Give x(t).
-1
Let y(v) = v**3 + 4*v**2 - 8*v - 7. Suppose o - 9 = -0*o. Suppose -5 = -g, -5*s = 4*g - 4 + o. What is y(s)?
8
Let o(a) be the third derivative of -1/12*a**4 + 0 + 4*a**2 + 1/60*a**5 + 1/3*a**3 + 0*a. Calculate o(3).
5
Let o(r) be the second derivative of 3*r**5/20 - r**3/6 - r**2/2 - 4*r. Let t be 4/6*-3*-1. Let c = t + -3. Give o(c).
-3
Let g = -7 + 7. Let k(r) = 0*r**2 - r + g*r**2 + 0*r**2 - r**3. Give k(0).
0
Let c be 26/120 + (-1)/5. Let x(f) be the third derivative of 0*f + 1/24*f**4 - 5/6*f**3 - f**2 - 1/120*f**6 + c*f**5 + 0. Determine x(0).
-5
Let h(t) = 0*t**2 + 6 - 4*t**2 + 5*t**2 + 7*t. Determine h(-7).
6
Let z(o) = 3*o**2 + 2*o - 1. Let r(v) = 4*v**2 + v - 2. Let n(h) = 4*r(h) - 5*z(h). Calculate n(7).
4
Let o(g) = g**3 + 2*g**2 - 3*g + 2. Suppose m - 1 = -4. Let b be o(m). Suppose -3 = -b*l + 1. Let z(r) = r + 1. Give z(l).
3
Let k(j) = j**2 + 8*j + 3. Suppose 3*z - 3*b - 2*b = -38, 34 = -5*z + b. Calculate k(z).
-9
Let m(j) = -2*j**2 + 5*j. Let r(h) = -h + 7. Let z be r(3). What is m(z)?
-12
Let d(c) = -c - 3. Suppose 14 = 2*l - 3*t, 0*l + 5*t - 10 = -5*l. Let w be (4 + 2)*l/6. Let z be 6/(-4)*w/3. Calculate d(z).
-1
Let b(h) = -39 - 40 + 76 + h. Give b(4).
1
Suppose v + 4*v - 15 = 0. Let m(t) = 2*t**3 - 3*t**2 + 14*t + 2. Let a(s) = -s**3 + s**2 - 8*s - 1. Let w(n) = 5*a(n) + 3*m(n). Calculate w(v).
-2
Let r(p) = -p**2 + 10*p - 6. Suppose 0*c - 32 = -4*c + 4*a, 0 = 4*c + a - 27. Calculate r(c).
15
Let x(z) be the third derivative of -z**5/60 + z**4/24 + 2*z**2. Let r(m) = m**3 - 5*m**2 + 3*m + 4. Let j be r(4). Give x(j).
0
Let b(o) = 1 + 0 + 8*o**2 + 0 - 3*o + o. Calculate b(1).
7
Let x(f) = -8*f - 1. Suppose -4*q = 9 - 13. Determine x(q).
-9
Let r(y) = -4*y - 4*y**3 + 2*y + 3*y**3 + 0*y**3 + 3 - 4*y**2. What is r(-3)?
0
Suppose -4*i - 4